ed by 958.
78
What is the remainder when 697377 is divided by 75?
27
Calculate the remainder when 78302 is divided by 25765.
1007
What is the remainder when 10849412 is divided by 211?
3
What is the remainder when 2827574 is divided by 4850?
24
What is the remainder when 107102647 is divided by 772?
771
What is the remainder when 2297038 is divided by 60?
58
What is the remainder when 1148159 is divided by 253?
45
Calculate the remainder when 160207 is divided by 53364.
115
What is the remainder when 578783470 is divided by 22?
12
What is the remainder when 211967 is divided by 756?
287
Calculate the remainder when 41237392 is divided by 13745780.
52
Calculate the remainder when 540732496 is divided by 550.
546
What is the remainder when 25548 is divided by 25113?
435
What is the remainder when 1741010 is divided by 290165?
20
Calculate the remainder when 8361937 is divided by 181781.
11
What is the remainder when 5766695 is divided by 13?
12
Calculate the remainder when 55149 is divided by 3610.
999
Calculate the remainder when 810377 is divided by 613.
604
Calculate the remainder when 437251 is divided by 24252.
715
Calculate the remainder when 5712736 is divided by 520.
16
Calculate the remainder when 999513 is divided by 187.
185
What is the remainder when 69638056 is divided by 134?
132
What is the remainder when 395410 is divided by 1475?
110
What is the remainder when 27489 is divided by 132?
33
What is the remainder when 24751339 is divided by 1295?
4
What is the remainder when 1148842 is divided by 31?
13
What is the remainder when 2075762 is divided by 567?
542
What is the remainder when 278245 is divided by 278233?
12
Calculate the remainder when 138261 is divided by 2609.
2593
Calculate the remainder when 548684 is divided by 53.
28
Calculate the remainder when 667513 is divided by 22249.
43
What is the remainder when 4248365 is divided by 136?
133
Calculate the remainder when 11853 is divided by 5841.
171
Calculate the remainder when 117168 is divided by 1714.
616
What is the remainder when 5457306 is divided by 135?
66
Calculate the remainder when 79982764 is divided by 126555.
4
Calculate the remainder when 202822 is divided by 1531.
730
Calculate the remainder when 445163721 is divided by 1332.
1329
Calculate the remainder when 90984 is divided by 12990.
54
Calculate the remainder when 1865406 is divided by 10539.
3
Calculate the remainder when 9081267 is divided by 15.
12
Calculate the remainder when 19407 is divided by 2084.
651
Calculate the remainder when 10502 is divided by 37.
31
What is the remainder when 27700964 is divided by 15?
14
What is the remainder when 4211116 is divided by 1403620?
256
Calculate the remainder when 236492 is divided by 32187.
11183
Calculate the remainder when 5563 is divided by 4948.
615
Calculate the remainder when 6481918 is divided by 120.
118
What is the remainder when 792059 is divided by 894?
869
Calculate the remainder when 76775 is divided by 970.
145
Calculate the remainder when 1450481 is divided by 289852.
1221
What is the remainder when 164517 is divided by 164346?
171
Calculate the remainder when 42769 is divided by 68.
65
What is the remainder when 648056 is divided by 1797?
1136
What is the remainder when 99708002 is divided by 240?
2
Calculate the remainder when 5324956 is divided by 33074.
42
Calculate the remainder when 2998 is divided by 299.
8
Calculate the remainder when 1471852 is divided by 25804.
1024
Calculate the remainder when 105283 is divided by 283.
7
Calculate the remainder when 3945950 is divided by 212.
206
Calculate the remainder when 922458096 is divided by 1003.
1002
Calculate the remainder when 5244065 is divided by 1311012.
17
Calculate the remainder when 4176740 is divided by 64257.
35
What is the remainder when 80945561 is divided by 154182?
11
What is the remainder when 211170 is divided by 52741?
206
What is the remainder when 3857675 is divided by 86?
59
What is the remainder when 74018 is divided by 104?
74
What is the remainder when 14463 is divided by 4747?
222
What is the remainder when 830998 is divided by 54?
46
Calculate the remainder when 270529 is divided by 1176.
49
Calculate the remainder when 76833 is divided by 134.
51
Calculate the remainder when 11886262 is divided by 32476.
46
What is the remainder when 163167704 is divided by 267?
266
What is the remainder when 11287306 is divided by 276?
10
What is the remainder when 1272709 is divided by 3394?
3353
What is the remainder when 61583818 is divided by 22?
10
Calculate the remainder when 1534362 is divided by 1534344.
18
What is the remainder when 3551812 is divided by 1395?
142
Calculate the remainder when 968416 is divided by 673.
642
What is the remainder when 21909 is divided by 1711?
1377
What is the remainder when 4475196376 is divided by 54?
52
Calculate the remainder when 2417364 is divided by 201444.
36
Calculate the remainder when 243958 is divided by 2324.
2262
What is the remainder when 212759 is divided by 30335?
414
Calculate the remainder when 136896 is divided by 1719.
1095
Calculate the remainder when 53954438 is divided by 82.
78
Calculate the remainder when 1698298 is divided by 450.
448
Calculate the remainder when 41143 is divided by 41093.
50
What is the remainder when 81475497 is divided by 7?
5
What is the remainder when 403994 is divided by 72?
2
What is the remainder when 825785 is divided by 1209?
38
What is the remainder when 21826 is divided by 7195?
241
Calculate the remainder when 2036376 is divided by 677.
637
What is the remainder when 1429925 is divided by 1053?
1004
Calculate the remainder when 27664113 is divided by 13.
9
Calculate the remainder when 170108 is divided by 92.
0
What is the remainder when 609557 is divided by 1674?
221
What is the remainder when 803393 is divided by 30883?
435
Calculate the remainder when 1995385 is divided by 7558.
73
What is the remainder when 239205 is divided by 1282?
753
What is the remainder when 37593 is divided by 1176?
1137
What is the remainder when 157864 is divided by 3289?
3281
Calculate the remainder when 246396 is divided by 169.
163
What is the remainder when 9957515 is divided by 281?
280
Calculate the remainder when 40211876 is divided by 42.
26
What is the remainder when 806336207 is divided by 432?
431
Calculate the remainder when 4245208 is divided by 375.
208
Calculate the remainder when 2877 is divided by 654.
261
Calculate the remainder when 15783822 is divided by 10961.
10943
What is the remainder when 45852285 is divided by 1231?
1228
Calculate the remainder when 8495750 is divided by 1221.
32
Calculate the remainder when 400685 is divided by 39941.
1275
What is the remainder when 31497453 is divided by 534?
531
What is the remainder when 218280620 is divided by 8?
4
What is the remainder when 1387878 is divided by 693872?
134
Calculate the remainder when 355284564 is divided by 11261.
14
What is the remainder when 168006 is divided by 879?
117
What is the remainder when 7322024 is divided by 402?
398
Calculate the remainder when 1075631 is divided by 4044.
3971
What is the remainder when 487029 is divided by 156?
153
Calculate the remainder when 6088419 is divided by 1743.
120
Calculate the remainder when 5259612 is divided by 38113.
18
What is the remainder when 460073 is divided by 91?
68
What is the remainder when 64326688 is divided by 1949293?
19
What is the remainder when 187712 is divided by 2522?
1084
Calculate the remainder when 9682887 is divided by 53.
52
Calculate the remainder when 15834864 is divided by 445.
429
What is the remainder when 1260748 is divided by 75?
73
Calculate the remainder when 2712761 is divided by 11.
7
What is the remainder when 78940 is divided by 563?
120
Calculate the remainder when 1990352 is divided by 312.
104
Calculate the remainder when 41101917 is divided by 1380.
1377
Calculate the remainder when 575173 is divided by 557.
349
Calculate the remainder when 89630 is divided by 4125.
3005
Calculate the remainder when 7121550 is divided by 593461.
18
What is the remainder when 1268722 is divided by 615?
592
What is the remainder when 26388 is divided by 8721?
225
What is the remainder when 220375 is divided by 109941?
493
Calculate the remainder when 